21
Let v(u) = u**3 - 8*u - 4. Let d be -8 + (-15)/12*-4. Let i be v(d). Let b(w) = -w**3 - 8*w**2 - 7*w + 2. Give b(i).
2
Let i(l) = -l**2 - 11*l - 7. Let h be i(-10). Suppose h*b = 5*p + 52, 5*b - 6*p + 2*p = 78. Suppose 3*m = b + 4. Let u(j) = -j + 8. Calculate u(m).
2
Let c(h) = -h**3 + 3*h**2 + 4*h. Let x = 39 - 34. Suppose -x*o + 32 = 2*j + j, 2*o = -5*j + 28. Determine c(j).
0
Let f(b) = -b**3 + 3*b**2 - b + 2. Let z(n) = -12*n**3 + 14*n**2 - 7*n + 9. Let k(u) = -5*f(u) + z(u). Calculate k(-1).
7
Let i(r) = -6*r - 17. Let o(a) = -9*a - 34. Let j(c) = 5*i(c) - 3*o(c). Give j(10).
-13
Let g(l) = -l**3 + 3*l**2 + 7*l - 5. Let d be g(4). Let z(i) = -1 + 3*i + i - 4 - 5. Give z(d).
18
Let d(b) be the first derivative of 2*b**3/3 + 5*b**2/2 - 3*b - 1870. Suppose -4*t = -1 - 3. Let s = -3 - t. Determine d(s).
9
Let r(n) = 0*n**2 + 3*n**2 - n**2 - 3*n**2 + 7 + 3*n. Let x = -188 + 193. Calculate r(x).
-3
Let l(v) = 2*v**3 - 4*v**2 - 6*v - 5. Let a(w) = -3*w**3 + w**2 - 2*w**3 + 0*w**3 + 6*w**3. Let d(y) = -3*a(y) + l(y). Suppose b = 5*b + 24. Give d(b).
-5
Let q(k) = -3*k + 5. Let j = 17 + -9. Let w(y) = -5*y + 8. Let g(r) = j*q(r) - 5*w(r). Let i = 802 - 797. Give g(i).
5
Let f(k) = -9*k - 20. Let v(r) = r**2 + r + 1. Let c(m) = f(m) + v(m). Calculate c(10).
1
Let l(z) = z + 1. Let h(d) = -2*d**2 + 10*d + 6. Let t(q) = -h(q) + 5*l(q). Suppose 0 = 4*f - 4*n, -4*n + 4 = 4*f - 28. Calculate t(f).
11
Let a(d) = -d + 4. Let v = 29 - 26. Let s = -16 + 22. Let b = s - v. What is a(b)?
1
Let t(f) = 3*f - 1. Let z(g) = -1 + g**2 + 8 - 9*g + 4 + 0. Let y be z(8). Give t(y).
8
Let p(s) be the first derivative of s**3/3 + 3*s**2 + 3*s - 22. Let t(m) = -m + 1. Suppose -38 = -3*c - 5*i, -3*i + 4 + 2 = -c. Let u be t(c). Give p(u).
-2
Let q(y) = -y**3 + 7 - 9*y - 18 + 12*y**2 - 5. Let u be q(11). Let k(i) = -i**3 + 5*i**2 + 7*i - 6. Calculate k(u).
0
Suppose 233*h = 243*h + 170. Let t(n) = n + 14. What is t(h)?
-3
Let h(d) = -5*d + 21. Let n(t) = 12. Let c(p) = p + 37. Let w(g) = 2*c(g) - 7*n(g). Let s(y) = 3*h(y) + 7*w(y). What is s(-6)?
-1
Let b = 60 - 62. Let c(q) = -1 + 5*q - 4*q + 5. Let p be c(b). Let n(m) = -m - 1. Determine n(p).
-3
Suppose 0 = -5*a + 3*b + 11 + 11, -4*a + 12 = -b. Let j(s) = -3*s**2 + s - 2. Calculate j(a).
-12
Let w(z) = z**2 + 13*z - 14. Let p be w(-15). Suppose -86 = -p*q + 26. Let g(d) = d**2 - 7*d + 3. Give g(q).
3
Let o(w) = -w**3 + 15*w**2 + 2*w - 22. Suppose -25*h + 37*h - 180 = 0. Determine o(h).
8
Let o(u) = -u**3 - 23*u**2 + 25*u + 18. Let g be o(-24). Let f(a) = -5*a - 9 + a + 4 + a. Calculate f(g).
13
Let r(n) = 3*n**3 - 3*n**2 + 6. Let s(h) = 2*h**3 - 2*h**2 + 5. Let b(i) = 4*r(i) - 5*s(i). Let z be (68/10)/(2/5). Let u = z + -15. Calculate b(u).
7
Let l be (-12)/(6/3) + 4. Let o(f) = 3*f**2 + f + 2. What is o(l)?
12
Let s be (-31)/5 + ((-76)/20 - -4). Let w(a) = -1 + 5 + 613*a - 615*a. Give w(s).
16
Let b(a) be the third derivative of a**5/60 - 3*a**4/4 + 11*a**3/3 + 2*a**2 - 152*a. Determine b(16).
-10
Let h(p) = -4*p**3 - 4*p**2 - 3*p - 3. Let k(g) = -g**3 - g**2 - g. Let n(o) = h(o) - 3*k(o). Suppose -80 = -4*v - v. Let f = v + -16. Give n(f).
-3
Let z = -125 - -105. Let x = -15 - z. Let j(b) = -b**3 - b**2 + 5*b. Let u(w) = -w**3 + 5*w + 1. Let t(r) = 4*j(r) - 5*u(r). What is t(x)?
-5
Let t(v) = 9*v - 1. Suppose 5*h - 3*h + 8 = 2*f, -5*f = -h - 12. Suppose 6*m - f = 5*m. Calculate t(m).
17
Suppose 4*g + 36 = 16*g. Let m(u) = -2*u**2 + 3 + 3*u**2 - 4 - 8*u - g. Give m(8).
-4
Let t(k) = -2*k - 3. Let o = -94 + 93. Determine t(o).
-1
Let d(t) = -163 - t + 69 + 97. Give d(3).
0
Suppose 5*u = -p - 0*p + 225, -87 = -2*u - p. Let z = -28 + u. Let x = -19 + z. Let d(i) = 3*i - 1. Calculate d(x).
-4
Let n(w) = 125755*w + 6 - 125750*w - 4*w**2 + 3*w**2. Give n(3).
12
Let o(w) = 8*w**2 - 14*w - 18. Let u(q) = -3*q**2 + 5*q + 6. Let s(z) = 17*z - 6. Let x be s(1). Let f(c) = x*u(c) + 4*o(c). Calculate f(0).
-6
Let h(f) = f**3 - 6*f**2 + 6*f - 5. Suppose -3*j + 7*j = 2*b + 272, 2*b = -2*j + 124. Suppose -16 = j*k - 70*k. Determine h(k).
-13
Let y(v) = -6*v + 2 - 1 + 4*v + 5. Determine y(5).
-4
Let f(z) = 2*z**2 - 13*z - 3. Let h be f(7). Let m(b) = -b + 3*b + 2 - h*b. Let p(t) = -4*t**3 - 2*t**2 - t. Let r be p(-1). Determine m(r).
-4
Let o(u) = u**3 - 26*u**2 + 25*u - 6. Suppose -3*m + 4*z + 75 = 0, 0 = 3*m + 2*z - 28 - 47. Give o(m).
-6
Let i(p) be the second derivative of -2*p**2 - 4*p + 0 + 1/6*p**3. Determine i(5).
1
Let i be 2/(-8) + 52/16*1. Suppose i*g = -0*g. Let b(c) = -c**3 + c**2 - 5. Determine b(g).
-5
Let f(d) = -d**2 - d. Let i(c) = 13*c**2 + 14*c. Let r(p) = p**2 + p. Let a(u) = -2*i(u) + 22*r(u). Let l(x) = -a(x) + 6*f(x). Let n = -2 - -3. Determine l(n).
-2
Suppose 39 = -3*r - 10*h + 11*h, -51 = 4*r - h. Let f(n) = -n**3 - 11*n**2 + 8*n + 5. What is f(r)?
53
Let c(m) = m - 9. Let y be c(12). Suppose -y*i + 0*i = 9. Let x(v) be the second derivative of -v**3/3 - 2*v**2 + 2*v. What is x(i)?
2
Suppose r - 24 = -0*r + 2*m, 4*m - 156 = -4*r. Suppose 39*b + 25 = r*b. Let x(o) = -o**3 - 5*o**2 + 2*o + 6. Determine x(b).
-4
Suppose -2*c + 34 = y + 2*y, -18 = -y - 4*c. Let z(v) = -v + 3. Determine z(y).
-7
Let k = -1498 - -1491. Let n(y) = y**3 + 8*y**2 + 2*y - 38. What is n(k)?
-3
Let b = 272 + -280. Let m(w) = w**2 + 8*w - 5. Give m(b).
-5
Let i(q) = 9 + 464*q - 234*q - 228*q. Let p = -11 - -4. What is i(p)?
-5
Suppose -b + 11 - 13 = 0. Let j be (6/(-4) - b)*(9 + -5). Let c(q) = -3*q**2 + 4*q - 3. Give c(j).
-7
Let h = -236 + 244. Let r(a) = -a**2 + 5*a + 3. What is r(h)?
-21
Suppose -s - s = 2*p - 8, 0 = 4*p - 3*s - 2. Suppose -4*m = 5*z - 4, 4*m - 7 + 3 = -4*z. Let u(g) = 6*g**p + 0*g - 1 - g + m. What is u(1)?
5
Let d(q) = -q**2 + q + 2. Let u(b) = -4*b**2 - 10*b - 10. Let j(c) = -3*d(c) + u(c). Give j(-12).
-4
Let h(u) = u + 13. Let a(o) = -o**3 - 30*o**2 - 102*o + 44. Let n be a(-26). Determine h(n).
5
Let d(t) be the second derivative of -t**4/12 - t**3/2 + t**2/2 - 37*t. Let c = 9 - 12. Give d(c).
1
Let h(o) = o**3 - 11*o**2 - 40*o - 29. Let x be h(14). Let a(m) = -13*m**3 - 1. What is a(x)?
12
Suppose 2*h = -2*v + 3 - 7, 4*h - 37 = 5*v. Let b(q) = -q**3 - 4*q**2 + 6*q + 16. What is b(v)?
11
Let s(c) = c**3 + 4*c**2 + 4. Suppose 50*a - 47*a + 9 = 0. Determine s(a).
13
Let t(w) be the first derivative of -39 - 1/4*w**4 + 5/3*w**3 - w**2 + 4*w. Give t(5).
-6
Let a(f) = 8*f + 77. Let h be a(-10). Let y(q) = -q**2 - 3*q - 1. Determine y(h).
-1
Let l(b) be the first derivative of -1/4*b**4 + 3/2*b**2 - 1/6*b**3 + 1/20*b**5 + 2*b - 6. Let i(j) be the first derivative of l(j). Determine i(3).
0
Let y(a) = -2*a + 5. Suppose -4*w + i - 13 = -4*i, 0 = -w + 2*i - 7. Suppose -p - 8 = -w*p. What is y(p)?
-3
Let b = 219 - 228. Let w(u) = u**2 + 8*u - 2. Give w(b).
7
Let o(j) be the first derivative of j**3/3 + 4*j**2 + 9*j - 235. Give o(-8).
9
Suppose 4*w + 373 = 5*z + 1152, 5*w - 990 = 3*z. Let p be (-2)/13 - w/(-39). Let t(n) = n**2 - 4*n + 3. Determine t(p).
8
Let y(n) = 2*n**2 + 2*n. Suppose q - 2*q + 14 = 0. Suppose -16 = 2*m - 3*v, 5*m + 5*v = 2*m + q. Give y(m).
4
Let y(j) = j**2 + 3*j. Let b be y(-3). Suppose -3*h = -2*h + 5*w + 22, 2*h + 5*w + 19 = b. Let u(i) = 0*i + i**3 - h + 2*i - 2*i**3. Determine u(2).
-7
Suppose 0 = 3*d - 5*d. Let i(u) = 167*u**2 - 7*u - 5 + d - 173*u**2 - u**3. Calculate i(-5).
5
Let t(j) = -j**2 + 8*j + 4. Let z = -1 + 10. Calculate t(z).
-5
Suppose 7*x - 6*x = 2. Let v(k) = -1 + x - 4 - k. Give v(0).
-3
Let w(a) = -a**2 - a + 3. Let q = 14 + -25. Let x = q + 18. Suppose 0 = -5*l - 8 - x. What is w(l)?
-3
Let r(j) be the first derivative of 5 - 3/2*j**2 - 1/3*j**3 + j. What is r(-6)?
-17
Let g be ((-13)/117*-6)/((-3)/(-36)). Let l(d) = -3*d + 5. What is l(g)?
-19
Suppose 271*k = 303*k - 128. Let i(h) be the first derivative of -3 + 4/3*h**3 - 4*h + 1/4*h**k - 3/2*h**2. What is i(-4)?
8
Suppose 5*k - 2*p = p + 25, -3*k - 14 = 4*p. Let u(d) = -11*d**3 - 2*d**2 - 7*d**3 + 4*d + 2 + 17*d**3 + 3*d**k. What is u(-3)?
26
Let j(h) = 63*h**3 - h + 1. Let d be j(1). Let f = d - 64. Let k(c) = -21*c**2 - c - 1. Give k(f).
-21
Let v(a) be the second derivative of a**5/60 - a**4/4 - a**3/2 + a**2/2 - 29*a. Let w(d) be the first derivative of v(d). What is w(6)?
-3
Let c(m) = 0 - 6*m**2 + 5*m**2 + 1